{"id":727,"date":"2018-07-26T10:37:33","date_gmt":"2018-07-26T13:37:33","guid":{"rendered":"https:\/\/orzalinivelsuperior-slu.infd.edu.ar\/sitio\/?page_id=727"},"modified":"2024-03-05T21:21:49","modified_gmt":"2024-03-06T00:21:49","slug":"fechas-importantes","status":"publish","type":"page","link":"https:\/\/orzalinivelsuperior-slu.infd.edu.ar\/sitio\/estudiantes\/fechas-importantes\/","title":{"rendered":"Fechas importantes"},"content":{"rendered":"<h3><img decoding=\"async\" loading=\"lazy\" class=\"alignright\" src=\"https:\/\/norfipc.com\/img\/fechas\/fechas-importantes.jpeg\" alt=\"Fechas y d\u00edas especiales del a\u00f1o\" width=\"335\" height=\"223\" \/><\/h3>\n<h3>Fechas de inscripci\u00f3n en 1\u00ba A\u00f1o Profesorado de Educaci\u00f3n Inicial y Profesorado de Educaci\u00f3n Primaria<\/h3>\n<p><b>1er turno de inscripci\u00f3n desde el 1 de Octubre al 20 de <\/b><strong>Diciembre<\/strong><\/p>\n<p><b>2do turno de inscripci\u00f3n desde el 20 de Febrero al 1 de Marzo<\/b><\/p>\n<p><strong><u>Direcci\u00f3n: Pablo Tissera 195, Merlo, Provincia de San Luis, Argentina<\/u><\/strong><\/p>\n<p><strong><u>Tel\u00e9fono: 02656 476548<\/u><\/strong><\/p>\n<p><strong><u>Horarios de atenci\u00f3n: 19 a 22hs<\/u><\/strong><\/p>\n<p><strong><u>P\u00e1gina web: <a href=\"https:\/\/tisseramerlo.com\/nivel-superior\">https:\/\/tisseramerlo.com\/nivel-superior<\/a><\/u><\/strong><\/p>\n<p><strong><u>Mail: <a href=\"mailto:orzalinivelsuperior@gmail.com\">orzalinivelsuperior@gmail.com<\/a><\/u><\/strong><\/p>\n<h4><strong>\u00a0<\/strong><\/h4>\n","protected":false},"excerpt":{"rendered":"<p>Fechas de inscripci\u00f3n en 1\u00ba A\u00f1o Profesorado de Educaci\u00f3n Inicial y Profesorado de Educaci\u00f3n Primaria 1er turno de inscripci\u00f3n desde el 1 de Octubre al 20 de Diciembre 2do turno de inscripci\u00f3n desde el 20 de Febrero al 1 de Marzo Direcci\u00f3n: Pablo Tissera 195, Merlo, Provincia de San Luis, Argentina Tel\u00e9fono: 02656 476548 Horarios &#8230; <a title=\"Fechas importantes\" class=\"read-more\" href=\"https:\/\/orzalinivelsuperior-slu.infd.edu.ar\/sitio\/estudiantes\/fechas-importantes\/\" aria-label=\"More on Fechas importantes\">[+]<\/a><\/p>\n","protected":false},"author":6,"featured_media":0,"parent":692,"menu_order":0,"comment_status":"closed","ping_status":"closed","template":"","meta":[],"acf":[],"_links":{"self":[{"href":"https:\/\/orzalinivelsuperior-slu.infd.edu.ar\/sitio\/wp-json\/wp\/v2\/pages\/727"}],"collection":[{"href":"https:\/\/orzalinivelsuperior-slu.infd.edu.ar\/sitio\/wp-json\/wp\/v2\/pages"}],"about":[{"href":"https:\/\/orzalinivelsuperior-slu.infd.edu.ar\/sitio\/wp-json\/wp\/v2\/types\/page"}],"author":[{"embeddable":true,"href":"https:\/\/orzalinivelsuperior-slu.infd.edu.ar\/sitio\/wp-json\/wp\/v2\/users\/6"}],"replies":[{"embeddable":true,"href":"https:\/\/orzalinivelsuperior-slu.infd.edu.ar\/sitio\/wp-json\/wp\/v2\/comments?post=727"}],"version-history":[{"count":14,"href":"https:\/\/orzalinivelsuperior-slu.infd.edu.ar\/sitio\/wp-json\/wp\/v2\/pages\/727\/revisions"}],"predecessor-version":[{"id":1027,"href":"https:\/\/orzalinivelsuperior-slu.infd.edu.ar\/sitio\/wp-json\/wp\/v2\/pages\/727\/revisions\/1027"}],"up":[{"embeddable":true,"href":"https:\/\/orzalinivelsuperior-slu.infd.edu.ar\/sitio\/wp-json\/wp\/v2\/pages\/692"}],"wp:attachment":[{"href":"https:\/\/orzalinivelsuperior-slu.infd.edu.ar\/sitio\/wp-json\/wp\/v2\/media?parent=727"}],"curies":[{"name":"wp","href":"https:\/\/api.w.org\/{rel}","templated":true}]}}